 (base 6) to base 7
-332
What is -120 (base 3) in base 7?
-21
Convert -2241 (base 5) to base 11.
-272
Convert -13 (base 4) to base 6.
-11
Convert 6 (base 13) to base 11.
6
3a (base 12) to base 6
114
1 (base 5) to base 10
1
Convert 5 (base 16) to base 9.
5
5 (base 11) to base 9
5
2 (base 12) to base 10
2
What is 4 (base 11) in base 7?
4
11 (base 6) to base 7
10
What is 1110101 (base 2) in base 11?
a7
-1310 (base 4) to base 6
-312
Convert 5 (base 16) to base 13.
5
Convert -42 (base 8) to base 3.
-1021
Convert 26 (base 16) to base 10.
38
Convert -8 (base 13) to base 14.
-8
-145 (base 14) to base 9
-315
What is -1 (base 2) in base 13?
-1
10 (base 4) to base 2
100
Convert 442 (base 6) to base 14.
c2
-63 (base 10) to base 9
-70
-14 (base 8) to base 2
-1100
Convert -11 (base 6) to base 9.
-7
What is -49 (base 16) in base 10?
-73
Convert 10 (base 3) to base 10.
3
Convert 11 (base 5) to base 13.
6
Convert 3 (base 5) to base 15.
3
What is -411 (base 7) in base 13?
-129
What is -353 (base 7) in base 12?
-135
What is 0 (base 15) in base 14?
0
What is 65 (base 9) in base 14?
43
What is -1 (base 3) in base 12?
-1
Convert bc (base 15) to base 11.
151
Convert 111 (base 6) to base 12.
37
1 (base 10) to base 14
1
Convert -10 (base 13) to base 9.
-14
What is -14 (base 7) in base 5?
-21
What is 1 (base 6) in base 4?
1
What is -11 (base 3) in base 10?
-4
Convert 0 (base 2) to base 8.
0
What is -10 (base 2) in base 15?
-2
Convert 1 (base 14) to base 8.
1
Convert -3 (base 12) to base 2.
-11
95 (base 16) to base 11
126
340 (base 5) to base 7
164
-1 (base 14) to base 8
-1
What is 1 (base 6) in base 2?
1
Convert -220 (base 3) to base 2.
-11000
-2 (base 10) to base 4
-2
What is -3 (base 10) in base 7?
-3
Convert -75 (base 12) to base 14.
-65
What is 4 (base 7) in base 12?
4
Convert 5 (base 7) to base 8.
5
Convert 3 (base 4) to base 3.
10
Convert -20 (base 9) to base 7.
-24
What is -33 (base 10) in base 12?
-29
Convert 11101010 (base 2) to base 8.
352
Convert -14 (base 5) to base 16.
-9
Convert -37 (base 12) to base 2.
-101011
What is -81 (base 14) in base 9?
-135
What is 135 (base 9) in base 2?
1110001
Convert -23 (base 11) to base 2.
-11001
-7 (base 8) to base 4
-13
What is -43 (base 11) in base 9?
-52
165 (base 10) to base 15
b0
7a (base 16) to base 9
145
-51 (base 6) to base 5
-111
What is -14 (base 10) in base 8?
-16
-2 (base 16) to base 8
-2
0 (base 8) to base 7
0
What is -10 (base 8) in base 14?
-8
Convert -4c (base 15) to base 11.
-66
What is -45 (base 8) in base 4?
-211
Convert -12 (base 3) to base 15.
-5
Convert 1 (base 10) to base 3.
1
What is -1000 (base 2) in base 4?
-20
Convert b (base 16) to base 6.
15
1111 (base 2) to base 8
17
Convert -41 (base 5) to base 14.
-17
Convert 12 (base 14) to base 9.
17
301 (base 6) to base 4
1231
What is 2 (base 14) in base 4?
2
Convert -111 (base 2) to base 6.
-11
0 (base 12) to base 10
0
-70 (base 16) to base 7
-220
Convert -90 (base 11) to base 10.
-99
What is 5 (base 16) in base 11?
5
-103 (base 5) to base 3
-1001
What is -6 (base 9) in base 14?
-6
-7 (base 9) to base 12
-7
What is -3 (base 15) in base 16?
-3
70 (base 14) to base 9
118
What is -38 (base 9) in base 16?
-23
Convert 1 (base 14) to base 2.
1
What is 31 (base 4) in base 15?
d
What is -3 (base 9) in base 13?
-3
What is 9 (base 16) in base 6?
13
7 (base 16) to base 4
13
What is 11010 (base 2) in base 13?
20
Convert -30 (base 5) to base 12.
-13
What is 11a (base 11) in base 3?
12021
What is 12 (base 3) in base 12?
5
-40 (base 11) to base 10
-44
-10 (base 4) to base 3
-11
Convert -3 (base 8) to base 15.
-3
Convert -115 (base 11) to base 10.
-137
Convert 332 (base 6) to base 8.
200
-aa (base 11) to base 15
-80
4 (base 12) to base 9
4
30 (base 12) to base 14
28
-ab (base 13) to base 4
-2031
-88 (base 16) to base 2
-10001000
Convert -10 (base 8) to base 14.
-8
Convert 101 (base 2) to base 3.
12
Convert -10 (base 2) to base 5.
-2
What is 3 (base 11) in base 16?
3
-11 (base 10) to base 6
-15
74 (base 16) to base 4
1310
Convert -c (base 16) to base 3.
-110
Convert -5 (base 11) to base 12.
-5
-2011 (base 3) to base 9
-64
Convert -1 (base 14) to base 7.
-1
What is 2b (base 12) in base 5?
120
Convert 7 (base 12) to base 6.
11
-93 (base 15) to base 9
-163
2 (base 10) to base 4
2
Convert 3 (base 11) to base 8.
3
Convert 10 (base 3) to base 2.
11
Convert -100 (base 5) to base 6.
-41
Convert 26 (base 13) to base 6.
52
Convert -10 (base 11) to base 4.
-23
What is -2 (base 5) in base 3?
-2
7 (base 16) to base 4
13
What is -3 (base 5) in base 2?
-11
Convert -110 (base 2) to base 9.
-6
Convert 13 (base 8) to base 16.
b
What is -99 (base 16) in base 13?
-ba
4 (base 7) to base 15
4
19 (base 13) to base 7
31
What is 6 (base 12) in base 9?
6
Convert -12 (base 6) to base 3.
-22
-101 (base 5) to base 15
-1b
What is 44 (base 12) in base 5?
202
Convert 2 (base 14) to base 2.
10
What is -5 (base 13) in base 10?
-5
0 (base 4) to base 2
0
Convert 1 (base 12) to base 2.
1
What is 0 (base 7) in base 3?
0
Convert -41 (base 7) to base 8.
-35
Convert -2 (base 10) to base 3.
-2
What is 2 (base 4) in base 11?
2
Convert -10 (base 3) to base 9.
-3
What is -14e (base 16) in base 6?
-1314
4a (base 15) to base 3
2121
-17 (base 16) to base 7
-32
What is -10 (base 6) in base 10?
-6
Convert 36 (base 11) to base 15.
29
What is 11 (base 2) in base 16?
3
Convert -1 (base 4) to base 12.
-1
What is -1122 (base 3) in base 2?
-101100
-23 (base 7) to base 12
-15
What is -23 (base 4) in base 15?
-b
What is 3 (base 15) in base 14?
3
10 (base 2) to base 5
2
What is -11101 (base 2) in base 4?
-131
Convert -4 (base 9) to base 4.
-10
What is 2 (base 5) in base 14?
2
Convert -104 (base 12) to base 10.
-148
Convert -2 (base 14) to base 4.
-2
3 (base 14) to base 15
3
Convert 7 (base 9) to base 5.
12
Convert -251 (base 8) to base 10.
-169
-f (base 16) to base 3
-120
Convert 0 (base 4) to base 5.
0
Convert -3 (base 9) to base 7.
-3
7 (base 11) to base 12
7
What is 1 (base 4) in base 14?
1
Convert 10 (base 13) to base 9.
14
3 (base 11) to base 14
3
What is 1115 (base 7) in base 2?
110010100
3 (base 6) to base 14
3
What is 0 (base 16) in base 12?
0
-76 (base 8) to base 14
-46
-210 (base 3) to base 5
-41
60 (base 8) to base 6
120
146 (base 7) to base 5
313
What is -22 (base 6) in base 13?
-11
2 (base 12) to base 11
2
What is -e (base 15) in base 3?
-112
-4 (base 14) to base 13
-4
Convert -25 (base 12) to base 2.
-11101
What is -10 (base 8) in base 7?
-11
Convert 1 (base 16) to base 7.
1
Convert 20 (base 4) to base 12.
8
-5 (base 7) to base 10
-5
What is 1201 (base 3) in base 6?
114
-14 (base 8) to base 12
-10
Convert -112222 (base 3) to base 7.
-1115
Convert -35 (base 9) to base 12.
-28
2 (base 11) to base 13
2
What is -1 (base 3) in base 4?
-1
What is -4 (base 6) in base 2?
-100
What is 32 (base 8) in base 6?
42
-7 (base 12) to base 3
-21
What is 1a (base 11) in base 12?
19
2 (base 9) to base 16
2
233 (base 7) to base 16
7a
What is 2 (base 10) in base 8?
2
What is -3230 (base 4) in base 14?
-12c
What is -5 (base 10) in base 16?
-5
Convert -151 (base 8) to base 14.
-77
What is 21 (base 15) in base 2?
11111
What is -1d (base 14) in base 4?
-123
What is 13 (base 11) in base 6?
22
What is 2b (base 12) in base 9?
38
Convert 1433 (base 5) to base 8.
363
What is -143 (base 5) in base 14?
-36
35 (base 6) to base 8
27
What is 3 (base 9) in base 13?
3
What is 11000 (base 2) in base 16?
18
11 (base 2) to base 12
3
-112 (base 7) to base 13
-46
Convert 3 (base 16) to base 7.
3
What is -21 (base 7) in base 8?
-17
Convert 3c (base 14) to base 13.
42
-8 (base 10) to base 16
-8
-24 (base 6) to base 15
-11
What is -20 (base 13) in base 14?
-1c
12 (base 4) to base 14
6
Convert -25 (base 6) to base 8.
-21
What is 5 (base 9) in base 2?
101
60 (base 8) to base 4
300
127 (base 8) to base 4
1113
-5 (base 6) to base 10
-5
Convert -5 (base 15) to base 12.
-5
What is 7 (base 10) in base 2?
111
What is 1 (base 4) in base 7?
1
What is -12000 (base 3) in base 8?
-207
Convert -12 (base 14) to base 6.
-24
4 (base 14) to base 3
11
What is -77 (base 8) in base 11?
-58
6e (base 16) to base 14
7c
Convert -a (base 13) to base 15.
-a
What is 0 (base 3) in base 16?
0
Convert 57 (base 8) to base 9.
52
What is -31 (base 8) in base 3?
-221
What is 1b2 (base 14) i